 10268?
17502
In base 2, what is 1001110101101011000100001 + 0?
1001110101101011000100001
In base 4, what is -20121122322331 - 11?
-20121122323002
In base 9, what is 5026108 - 30?
5026068
In base 6, what is 45202210255 + -5?
45202210250
In base 10, what is -15211 + 11575?
-3636
In base 10, what is -1 - 63449460?
-63449461
In base 12, what is 435b39b - -4?
435b3a3
In base 14, what is 4 + d164ca?
d164d0
In base 2, what is 1000100100001 + 11100111010001?
100101011110010
In base 3, what is -102 - -1110200221100?
1110200220221
In base 16, what is 3b80f + 14?
3b823
In base 6, what is -3 - -551352154?
551352151
In base 5, what is -212444003 + -23?
-212444031
In base 15, what is 5 + c94b5d?
c94b63
In base 15, what is bae + -18ec?
-c3d
In base 10, what is -638 - 1635?
-2273
In base 15, what is 12 - -3a257?
3a269
In base 3, what is -12 - -11222121110020?
11222121110001
In base 16, what is 2ac60e - -2?
2ac610
In base 3, what is 2212001 + 2102111?
12021112
In base 8, what is -14070 + -62?
-14152
In base 10, what is 9 - 2247760?
-2247751
In base 9, what is 47618627 + 4?
47618632
In base 8, what is 1423745 - 17?
1423726
In base 12, what is -b48 - -a661?
9715
In base 3, what is 201211101 + -121122000?
10012101
In base 7, what is 2 - 251132535?
-251132533
In base 7, what is -42 - -145535?
145463
In base 11, what is -2 - 21817a8?
-21817aa
In base 14, what is -50 - 6b712?
-6b762
In base 9, what is 133378 + 15?
133404
In base 9, what is 3133 + 83372?
86515
In base 11, what is 8a906 + -4?
8a902
In base 10, what is -13733753 - 5?
-13733758
In base 5, what is -1024030 - -2411420?
1332340
In base 12, what is -23 - 265b285?
-265b2a8
In base 10, what is -312895 + 28?
-312867
In base 12, what is -9659 - 13294?
-20931
In base 15, what is baa + 30?
bda
In base 13, what is -350 - 191?
-511
In base 13, what is 10 - -28129?
28139
In base 12, what is -2 - b7946?
-b7948
In base 9, what is -72183177 + -2?
-72183180
In base 12, what is 658434 - 2?
658432
In base 11, what is 2aaa5715 + 3?
2aaa5718
In base 6, what is 13221 - 302500?
-245235
In base 3, what is -112 + 22011112020221?
22011112020102
In base 10, what is 22 + -45346315?
-45346293
In base 3, what is 1021101022202011002 + 2?
1021101022202011011
In base 12, what is 4 - 49510?
-49508
In base 16, what is 1b11 - -6d8?
21e9
In base 5, what is -4022 - 32242?
-41314
In base 2, what is 110110100000 + 110001111100011?
111000110000011
In base 4, what is 12213 + 301331013?
302003232
In base 16, what is 86eb + -46c?
827f
In base 11, what is -314383 - a?
-314392
In base 6, what is -10315441224 - 1?
-10315441225
In base 9, what is 28565667 + 0?
28565667
In base 15, what is 813635 - -e?
813644
In base 7, what is -54 + 1324120?
1324033
In base 8, what is -10 + -5214767?
-5214777
In base 10, what is -2 + -695125?
-695127
In base 4, what is -1133 + 2000012?
1332213
In base 14, what is 10859 + -2?
10857
In base 15, what is -e0b23e5 - -4?
-e0b23e1
In base 6, what is -4541 + 3420414?
3411433
In base 11, what is -13 - -2654810?
26547a8
In base 5, what is -12044420 + -121?
-12100041
In base 2, what is 10010101 + 11010100001111000011?
11010100010001011000
In base 3, what is 110110102 + -101101?
110002001
In base 10, what is -3 - 1765071?
-1765074
In base 4, what is -32222312210110 + 10?
-32222312210100
In base 8, what is -6 - -24766?
24760
In base 11, what is 102569 - -583?
103041
In base 13, what is 0 + -b02860?
-b02860
In base 12, what is 8a + 11920?
119aa
In base 5, what is 1331404 - 414?
1330440
In base 3, what is 2210202022011000101 + 1?
2210202022011000102
In base 13, what is 1 + ab59b7?
ab59b8
In base 8, what is 22 + 20617337?
20617361
In base 16, what is -50a1 - -36e?
-4d33
In base 14, what is -16b63446 + c?
-16b63438
In base 16, what is -12358eb3 - 1?
-12358eb4
In base 5, what is 20124031104 + 3?
20124031112
In base 8, what is 5047556 + -56?
5047500
In base 12, what is 16 + -2bb174?
-2bb15a
In base 7, what is -1 - 226261230?
-226261231
In base 7, what is 13135251 + 14?
13135265
In base 12, what is -a4 - -bb75?
ba91
In base 14, what is 2 - -403ac3?
403ac5
In base 6, what is -11 + -1532202543?
-1532202554
In base 2, what is -111001010110111101000011 + 100?
-111001010110111100111111
In base 4, what is 312 + 120311200302?
120311201220
In base 6, what is 5430 - 2432502?
-2423032
In base 15, what is -1d18 - -272?
-1a96
In base 2, what is 10011 + -110010101000100000?
-110010101000001101
In base 15, what is 1561 + 63d7?
7948
In base 11, what is -19282 + 7a?
-19203
In base 11, what is 3550 + 26722?
2a172
In base 14, what is 753d1c6 + -2?
753d1c4
In base 16, what is -2b2e8842 - 1?
-2b2e8843
In base 11, what is 4 + -1043548a2?
-104354899
In base 4, what is 311112 + -1130331?
-213213
In base 5, what is 12424021 - -4314?
12433340
In base 8, what is 45 + -54062?
-54015
In base 11, what is -72 + -a34707?
-a34779
In base 3, what is -102222 - -11010120112?
11010010120
In base 5, what is -20224341 - 41?
-20224432
In base 3, what is 22010 - 10221220011?
-10221121001
In base 2, what is -10101001001001010 + -111111111010?
-10110001001000100
In base 4, what is 333002303122 - -11?
333002303133
In base 12, what is 45360 - -173?
45513
In base 14, what is -3973d - -1d90?
-3778d
In base 9, what is 3 + 12882755?
12882758
In base 4, what is 310130 - 3021?
301103
In base 11, what is -2035a95 - 3?
-2035a98
In base 6, what is 1100053 + 25450?
1125543
In base 16, what is 5ef63d + 4?
5ef641
In base 10, what is 128138 + -29?
128109
In base 13, what is 8 - 8594a8?
-8594a0
In base 12, what is 211 + -48b375?
-48b164
In base 12, what is -a - -a866a8?
a8669a
In base 3, what is 10021222022101111 + 12?
10021222022101200
In base 15, what is -1030 + 4cd6?
3ca6
In base 15, what is -2 - 1a39e2c?
-1a39e2e
In base 14, what is 0 - -6da8a1?
6da8a1
In base 2, what is -1001110011110111011011111 + 1010?
-1001110011110111011010101
In base 13, what is 1224 - 929c?
-8078
In base 6, what is 0 + 25200531?
25200531
In base 8, what is -3 - 77165232?
-77165235
In base 14, what is 33292d2 - 2?
33292d0
In base 11, what is 136820 + 234?
136a54
In base 12, what is -50b9 - 16082?
-1b17b
In base 12, what is -1853a603 - -8?
-1853a5b7
In base 16, what is 5 - 5f388d?
-5f3888
In base 15, what is -c2084 + 9?
-c207a
In base 5, what is -3011330443 + -3?
-3011331001
In base 14, what is 76 - -25527?
2559d
In base 15, what is 3e2c45 + -82?
3e2bb3
In base 10, what is -28 - -8095505?
8095477
In base 6, what is -21 + 53500055?
53500034
In base 13, what is 5b90 + 6912?
c7a2
In base 16, what is e43 + 423a?
507d
In base 14, what is -b988 - -605?
-b383
In base 9, what is -535004 - 31?
-535035
In base 9, what is 2571 + 3617?
6288
In base 7, what is 245 - -3624?
4202
In base 14, what is -16424d + 414?
-163c39
In base 4, what is -3 - -1331302123?
1331302120
In base 7, what is 354012036 - -2?
354012041
In base 11, what is 1454050 - 4?
1454047
In base 15, what is -2b65391 - -1?
-2b65390
In base 7, what is 234241613 + -3?
234241610
In base 7, what is -5 + 335603156?
335603151
In base 4, what is 2003 + -122133333?
-122131330
In base 8, what is 1532334 - 0?
1532334
In base 11, what is 7409a - 81?
74019
In base 13, what is 0 + 15509771?
15509771
In base 11, what is -2 + 1545384?
1545382
In base 13, what is 4b3710 + 3?
4b3713
In base 9, what is -45666 + 367?
-45288
In base 4, what is -311333230 + -3?
-311333233
In base 14, what is 349b7 - -173?
34b4a
In base 13, what is 25454 - 1248?
24209
In base 3, what is 0 - 20021101112122011?
-20021101112122011
In base 4, what is 0 - 2033020?
-2033020
In base 14, what is -180 - 8164a?
-817ca
In base 5, what is 3310 + 1221210441?
1221214301
In base 7, what is 6054005 - 3?
6054002
In base 13, what is -125ba9 - 3a?
-125c16
In base 13, what is 152 + -2293?
-2141
In base 8, what is 5 - -413436001?
413436006
In base 5, what is 13440300 - -144?
13440444
In base 16, what is -61 - 341c?
-347d
In base 5, what is -22303 - -1330?
-20423
In base 3, what is -101020221220 + -1112100?
-101022111020
In base 4, what is -3 - -20323103131?
20323103122
In base 15, what is -884 - -8b9c?
8318
In base 7, what is 120 - -15313663?
15314113
In base 4, what is 2123212303 - 2?
2123212301
In base 3, what is -1200220201211120 + 12?
-1200220201211101
In base 11, what is a + -851a8?
-85199
In base 14, what is 32dc88